t is 11 + -4022?
-4011
In base 15, what is 6 - -131?
137
In base 12, what is -6 - -34a2?
3498
In base 14, what is 2d - -330c?
333b
In base 11, what is -9832 + 1?
-9831
In base 2, what is 101 - 111110101000001111?
-111110101000001010
In base 16, what is -1aba + 9?
-1ab1
In base 12, what is -9 - 6371?
-637a
In base 6, what is -11 + 1033435?
1033424
In base 8, what is -572 + 412?
-160
In base 2, what is -1000001111010001 + -110?
-1000001111010111
In base 11, what is 7 + -5793?
-5787
In base 12, what is -40a757 - -2?
-40a755
In base 9, what is 3 - 18003?
-18000
In base 15, what is -112c - -2?
-112a
In base 13, what is -913 + -17?
-92a
In base 7, what is 55042 + 4?
55046
In base 14, what is 50a89 - 6?
50a83
In base 15, what is 658c - -17?
65a4
In base 6, what is -15531 + -1?
-15532
In base 14, what is -53 - -c1?
6c
In base 2, what is -100001011 + 10010001111?
1110000100
In base 7, what is -1 - 305?
-306
In base 13, what is 1208a - 3?
12087
In base 10, what is 6 - 3796?
-3790
In base 8, what is 3 - -25545?
25550
In base 11, what is -152 + -2433?
-2585
In base 11, what is -4000 + -2?
-4002
In base 9, what is -76 - 3656?
-3743
In base 13, what is -4 + 18704?
18700
In base 7, what is -22 + 2502?
2450
In base 5, what is 10122310 + 42?
10122402
In base 6, what is 0 + 1515?
1515
In base 11, what is 73 - -5918?
5990
In base 16, what is 12 + -3e26?
-3e14
In base 16, what is 670f + -10?
66ff
In base 5, what is 11 - 1112134?
-1112123
In base 2, what is 11 - -1011110110010?
1011110110101
In base 3, what is 21012221211 - 12?
21012221122
In base 13, what is 6 + -132a32?
-132a29
In base 3, what is -102101221 - 2?
-102102000
In base 12, what is 5 + -31ba?
-31b5
In base 16, what is -3f00b - -9?
-3f002
In base 3, what is -122120100 - 20?
-122120120
In base 2, what is 1010101000 - -111000?
1011100000
In base 14, what is -530a8 + -5?
-530ad
In base 16, what is 18 + -ef9?
-ee1
In base 15, what is 1 - 3b82?
-3b81
In base 10, what is 2 + -8124?
-8122
In base 13, what is 33c573 - -5?
33c578
In base 10, what is 3 - -94093?
94096
In base 15, what is -95e0 + 2b?
-95b4
In base 3, what is -1 + 110110?
110102
In base 6, what is 25411022 - 5?
25411013
In base 7, what is -6 + 361311?
361302
In base 8, what is 33554 - 3?
33551
In base 9, what is 0 - -18301?
18301
In base 4, what is 321320233 + 1?
321320300
In base 13, what is -110 + -64?
-174
In base 2, what is -100110010 + -1110001010?
-10010111100
In base 16, what is 93 + 2225?
22b8
In base 10, what is 408845 + -5?
408840
In base 13, what is 1a + -9c?
-82
In base 15, what is -3 + 12a25?
12a22
In base 8, what is 6 - -5457?
5465
In base 11, what is 19 + 83070?
83089
In base 8, what is 4 + -25533?
-25527
In base 12, what is a78b + -5?
a786
In base 6, what is 23412 - 13?
23355
In base 11, what is -28 - 1192?
-120a
In base 16, what is -5 - 1801?
-1806
In base 9, what is 6612 - 48?
6553
In base 12, what is 0 - -501854?
501854
In base 7, what is -1 - 655240?
-655241
In base 13, what is 39729 + 2?
3972b
In base 11, what is -230 - 299?
-519
In base 6, what is -2331 - -3303?
532
In base 5, what is 1421 - -24241?
31212
In base 2, what is 1100 - -111110?
1001010
In base 16, what is 54a - 68?
4e2
In base 9, what is 101126 + -31?
101085
In base 10, what is -1384481 + -5?
-1384486
In base 4, what is -11022 - -212033?
201011
In base 10, what is 5 - 17323?
-17318
In base 7, what is 3 + 1006410?
1006413
In base 7, what is 1025 - -25?
1053
In base 8, what is 35 - 35243?
-35206
In base 2, what is -100001001100 + -1001?
-100001010101
In base 11, what is -171 - 137?
-2a8
In base 5, what is 122201101 - 4?
122201042
In base 13, what is -5c - 1484?
-1513
In base 16, what is -24ae + -24?
-24d2
In base 15, what is 1e97 + -26c?
1c2a
In base 10, what is 1382 + 104?
1486
In base 8, what is -5 + -373126?
-373133
In base 6, what is 22002 - -45?
22051
In base 9, what is 11221 + 10?
11231
In base 2, what is -100011 - 1000001111010?
-1000010011101
In base 11, what is -47 - -15547?
15500
In base 11, what is 303 + 35?
338
In base 3, what is 1120110 + -20100221?
-11210111
In base 11, what is 562081 + 2?
562083
In base 7, what is -13366 + -6?
-13405
In base 3, what is 1 + -112020111112?
-112020111111
In base 15, what is 4b0a - -5?
4b10
In base 13, what is 55 - 5541?
-54b9
In base 4, what is 31 + -202133130?
-202133033
In base 16, what is -3835 + 37?
-37fe
In base 16, what is 24052 - 0?
24052
In base 15, what is 14 - -aa4?
ab8
In base 5, what is 41 - -111402?
111443
In base 13, what is -1864c - 1?
-18650
In base 10, what is -13238 - 49?
-13287
In base 9, what is -11 + -5882?
-6003
In base 3, what is 22122012201 - -10?
22122012211
In base 12, what is -929a9 + -a?
-929b7
In base 14, what is 12a2c + 5?
12a33
In base 10, what is 1281433 + -2?
1281431
In base 6, what is 13510 - -35?
13545
In base 6, what is -151013 + -24?
-151041
In base 11, what is -85 - -19a?
115
In base 6, what is 22525 - 2120?
20405
In base 10, what is -138569 + 1?
-138568
In base 12, what is -b4 - -252?
15a
In base 16, what is -a - 91fa?
-9204
In base 9, what is 2030 + -1?
2028
In base 5, what is -321343 - 12?
-321410
In base 9, what is 50472 + 1?
50473
In base 11, what is 0 - -451?
451
In base 16, what is -1c0f + -db?
-1cea
In base 10, what is -7629 - -20?
-7609
In base 7, what is 2 + 50500?
50502
In base 3, what is 120121 + 111101?
1001222
In base 13, what is -6 + cc?
c6
In base 14, what is 37c + -5d?
31d
In base 13, what is -5 + 11c47?
11c42
In base 14, what is 81530 - -3?
81533
In base 16, what is -9ca - -27?
-9a3
In base 9, what is 230 - -2584?
2824
In base 2, what is 1000 + 100011110000000010?
100011110000001010
In base 13, what is -2 - -265?
263
In base 6, what is 111 - -3224?
3335
In base 10, what is -4616962 - 2?
-4616964
In base 14, what is -1 + 204d5?
204d4
In base 14, what is 2784 + 9?
278d
In base 14, what is 294a4 - -11?
294b5
In base 14, what is -1 + -5745?
-5746
In base 11, what is 69 + -6238?
-617a
In base 12, what is 64 + 15069?
15111
In base 2, what is 101110111010 + 100011010?
110011010100
In base 5, what is 1 + -42020102?
-42020101
In base 10, what is -69896 + -2?
-69898
In base 3, what is -11 + 112121021110?
112121021022
In base 3, what is 2 + -20102210220?
-20102210211
In base 2, what is 0 - 101101111110?
-101101111110
In base 14, what is -13c3 - -2c?
-1395
In base 14, what is 2 + -13093b?
-130939
In base 13, what is -1 - 3119b?
-3119c
In base 7, what is -32102 - -1566?
-30203
In base 9, what is -8 - -64228?
64220
In base 13, what is 0 + 3467?
3467
In base 15, what is -8 - 21a8?
-21b1
In base 16, what is b - 29574?
-29569
In base 11, what is 372aa - 3?
372a7
In base 7, what is -3 + -202000?
-202003
In base 3, what is 2122012022 + -2?
2122012020
In base 14, what is -3 - 6d37c?
-6d381
In base 3, what is -11210000 - 121?
-11210121
In base 14, what is -9 - 8151?
-815a
In base 15, what is -4 + ad22?
ad1d
In base 9, what is -1 + 108148?
108147
In base 3, what is 111120102200 + 10?
111120102210
In base 5, what is -11423 + 2003?
-4420
In base 15, what is 2 + -3a13?
-3a11
In base 13, what is c940 - 0?
c940
In base 6, what is 310143 - 115?
310024
In base 6, what is -2 - -41241442?
41241440
In base 3, what is -221112 - -100222?
-120120
In base 14, what is 1b8 - 1988?
-17b0
In base 15, what is 8a + 9?
94
In base 5, what is 2 - -440140?
440142
In base 5, what is -4 + -14140233?
-14140242
In base 13, what is a3 - -73a6?
7479
In base 11, what is -187309 - -9?
-187300
In base 13, what is -3 + -2a93c?
-2a942
In base 4, what is -10 - 1300322?
-1300332
In base 13, what is -26 + 13a5?
137c
In base 4, what is 101003 - 3103?
31300
In base 6, what is -310 + -103030?
-103340
In base 8, what is -25357 + 15?
-25342
In base 11, what is -a85 + -68?
-1042
In base 6, what is 1543 - -1004?
2551
In base 5, what is 14304122 - -4?
14304131
In base 14, what is 21a1d + 5?
21a24
In base 9, what is 14 - -12100?
12114
In base 15, what is 416c7 + -2?
416c5
In base 5, what is 4 + -1322123?
-1322114
In base 12, what is -933 - -88?
-867
In base 2, what is 1010000011 + -1000001?
1001000010
In base 5, what is -41122012 - 0?
-41122012
In base 3, what is -11 + -211200202?
-211200220
In base 14, what is -4c39 + -2?
-4c3b
In base 6, what is -4313300 + -2?
-4313302
In base 13, what is -2 + -37498?
-3749a
In base 7, what is